)?
-239
Let l(t) = -27*t**3 + 263*t**2 + 67*t + 24. Give l(10).
-6
Let o(z) = -419894*z - 3779047. What is o(-9)?
-1
Let t(r) = -r**3 + r**2 + 1726*r - 10170. Calculate t(6).
6
Let i(r) = r**3 + 7*r**2 + 85*r + 609. Calculate i(-7).
14
Let x(b) = 8*b**3 - 14*b**2 - 192*b + 1549. Give x(8).
3213
Let l(z) = -66799*z + 39144212. What is l(586)?
-2
Let p(b) = 3098*b + 68152. Give p(-22).
-4
Let t(q) = 2*q**3 + 414*q**2 - 172637*q + 1251. What is t(-415)?
6
Let a(z) = -z**3 - 34*z**2 + 66*z + 6. Determine a(-6).
-1398
Let z(q) = -7208*q**2 + 324361*q - 50. Calculate z(45).
-5
Let t(y) = -2*y**2 - 46222*y - 5197555. Determine t(-113).
-7
Let a(g) = 1209*g - 4844. What is a(4)?
-8
Let g(q) = -q**2 - 2894*q - 40463. Calculate g(-14).
-143
Let i(x) = -14992*x + 14994. Determine i(1).
2
Let b(t) = -t**2 + 26898*t + 107606. Determine b(-4).
-2
Let w(r) = -r**3 - 82*r**2 + 7159*r + 52. Give w(-135).
-488
Let n(x) = -53*x**3 - 316*x**2 - 456*x - 2748. Calculate n(-6).
60
Let s(t) = -t**3 - 1928*t**2 + 25231*t - 3935. Calculate s(-1941).
-53
Let k(x) = -40*x**2 + 830*x + 39. Determine k(21).
-171
Let l(w) = -w**3 + 39*w**2 - 409*w + 1153. Give l(11).
42
Let c(b) = 2*b**3 + 290*b**2 + 291*b - 331. Calculate c(-144).
-763
Let y(j) = 3*j**2 + 7556*j - 136992. What is y(18)?
-12
Let k(v) = -v**3 - 10*v**2 + 178*v + 1183. Give k(-6).
-29
Let l(f) = 100*f**2 + 2294*f - 211. Calculate l(-23).
-73
Let z(d) = 7958*d + 1018635. Calculate z(-128).
11
Let c(z) = 29*z**2 - 7769*z - 40410. Calculate c(273).
-6
Let n(i) = -i**3 - 70*i**2 + 15565*i + 1078755. Give n(-69).
9
Let l(a) = 20*a**2 + 2870*a + 98001. Determine l(-56).
1
Let f(m) = 3*m**2 + 11313*m + 113114. Determine f(-10).
284
Let l(n) = -8*n**2 + 878*n - 17175. Determine l(20).
-2815
Let v(c) = -1201*c - 267751. Calculate v(-223).
72
Let t(r) = 2595*r + 67397. Calculate t(-26).
-73
Let l(i) = -527*i - 416. Give l(0).
-416
Let t(u) = -911*u - 4635. Give t(-6).
831
Let z(x) = -910*x + 36976. Determine z(40).
576
Let m(k) = 43*k**3 + 138*k**2 - 13*k - 46. What is m(-3)?
74
Let t(u) = 71*u**2 - 1504*u - 114860. Determine t(-31).
-5
Let r(u) = -u**3 - 198*u**2 - 1611*u + 17426. Calculate r(-189).
416
Let i(b) = -66270*b - 66221. Give i(-1).
49
Let c(s) = 2018*s**2 - 24211*s - 73. Give c(12).
-13
Let n(z) = 3*z**3 + 8*z**2 - 109*z + 57. Calculate n(6).
339
Let h(z) = 3*z**2 - 2*z + 2. What is h(-17)?
903
Let i(r) = -r**3 + 47*r**2 - 274*r - 142. What is i(37)?
3410
Let l(j) = j**3 - 30*j**2 - 267*j + 7269. What is l(31)?
-47
Let v(f) = f**3 + 4316*f**2 - 38920*f - 19. Determine v(9).
26
Let n(g) = -g**2 + 49*g + 3928. Determine n(-50).
-1022
Let i(u) = 8*u**3 - 1363*u**2 + 1857*u + 321. Determine i(169).
-17
Let k(a) = -a**3 + 335*a**2 - 22165*a - 3557. Determine k(91).
-8
Let q(x) = -2896*x - 14043. Give q(-5).
437
Let m(c) = 35*c**2 - 2371*c - 12748. Determine m(-5).
-18
Let j(i) = -462*i**2 + 4519*i - 20. Determine j(10).
-1030
Let b(c) = 162322*c + 20777212. What is b(-128)?
-4
Let z(c) = -393*c**2 + 620*c + 328. Determine z(2).
-4
Let j(r) = -r**3 + 281*r**2 - 1156*r + 220. Calculate j(4).
28
Let b(n) = -2*n**3 + 113*n**2 - 246*n + 24422. What is b(58)?
62
Let r(g) = g**2 - 60*g - 3312. Give r(-50).
2188
Let b(f) = 2*f**3 + 86*f**2 + 152*f - 758. Give b(-41).
-266
Let q(t) = 5*t**2 + 4425*t - 31489. Determine q(7).
-269
Let o(y) = -2*y**2 + 7*y + 3097. Give o(41).
22
Let h(z) = -z**3 + 143*z**2 + 1030*z + 30. What is h(-7)?
170
Let o(g) = -g**2 + 4783*g - 4780. Give o(1).
2
Let f(u) = -148*u**2 - 9*u + 381. Determine f(0).
381
Let r(l) = -1939*l - 29100. Calculate r(-15).
-15
Let v(p) = 5*p**2 + 132*p - 8201. Give v(-56).
87
Let z(x) = 512*x**2 - 13290*x + 24. Give z(26).
596
Let t(u) = 3063*u - 33683. Give t(11).
10
Let z(t) = 1394*t**2 + 151*t - 11. Determine z(0).
-11
Let p(h) = 4274*h - 739412. What is p(173)?
-10
Let q(w) = 18*w**2 + 61*w - 70716. Calculate q(61).
-17
Let t(v) = 2*v**2 - 805*v - 9892. Calculate t(-12).
56
Let l(d) = 3*d**3 + 1635*d**2 + 110446*d + 1882. What is l(-466)?
18
Let i(x) = -3177*x - 257332. Calculate i(-81).
5
Let o(y) = 708*y - 78582. What is o(111)?
6
Let k(y) = y**3 - y**2 - 141*y + 655. Give k(7).
-38
Let i(o) = 378*o - 69903. What is i(185)?
27
Let t(b) = 11303*b + 45305. Calculate t(-4).
93
Let i(p) = 6927*p - 235510. Calculate i(34).
8
Let y(m) = 2*m**3 + 64*m**2 + 460*m + 1. Determine y(-19).
647
Let j(r) = 5*r**2 + 33*r - 9. Give j(-5).
-49
Let b(n) = 210*n**2 + 3165*n + 300. Determine b(-15).
75
Let o(y) = -4353*y - 213292. What is o(-49)?
5
Let k(h) = 4*h**3 + 62*h**2 + 179*h - 20. Give k(-10).
390
Let s(i) = i**3 - 5744*i**2 + 63045*i + 23. Calculate s(11).
-175
Let u(h) = -3305*h - 135523. Determine u(-41).
-18
Let f(s) = s**2 + 3763*s - 15066. What is f(4)?
2
Let v(o) = -7593*o + 956765. Give v(126).
47
Let x(m) = 9*m**3 - 14*m**2 - 576*m - 247. Calculate x(-7).
12
Let o(s) = 29*s**2 + 16980*s + 8372. Determine o(-585).
-403
Let x(g) = g**3 + 276*g**2 + 1625*g + 1965. Give x(-270).
615
Let k(u) = 1252*u + 43632. Determine k(-35).
-188
Let b(f) = -5823*f + 64381. Give b(11).
328
Let f(r) = 297*r - 22643. What is f(77)?
226
Let l(j) = -30*j**2 + 1221*j + 13954. What is l(50)?
4
Let i(p) = -p**3 + 226*p**2 + 17154*p + 1741. Calculate i(286).
25
Let z(a) = a**2 + 168*a + 6595. Give z(-120).
835
Let q(r) = 87*r**2 - 13159*r + 218623. Give q(19).
9
Let i(o) = -121295*o + 1455614. Calculate i(12).
74
Let c(t) = 882487*t + 5294923. Determine c(-6).
1
Let y(a) = a**2 + 4079*a - 2702233. Determine y(580).
-13
Let b(g) = 2*g**3 - 1240*g**2 - 26868*g - 34619. Calculate b(641).
-5
Let c(v) = -980*v - 122510. Determine c(-126).
970
Let s(c) = -c**3 - 26*c**2 - 12*c + 78. Give s(0).
78
Let t(p) = 1538*p + 282947. What is t(-184)?
-45
Let k(l) = -4*l**2 - 340*l + 2825268. Give k(799).
4
Let j(k) = -49060*k - 147140. Determine j(-3).
40
Let v(z) = 4*z**2 + 308*z + 1692. Determine v(-6).
-12
Let d(z) = 2*z**3 - 171*z**2 - 94*z - 462. Give d(86).
-1150
Let n(a) = -2*a**2 + 37*a - 583. Determine n(24).
-847
Let c(r) = -13003*r + 247338. Determine c(19).
281
Let t(h) = -h**3 - 129*h**2 + 968*h + 2169. Determine t(-136).
-7
Let m(z) = 5414201*z - 32485200. Calculate m(6).
6
Let r(m) = 10805*m + 56251. What is r(-5)?
2226
Let k(g) = 3*g**3 + 169*g**2 - 136*g - 1285. Give k(-57).
-31
Let g(t) = 2944*t - 100161. Give g(34).
-65
Let k(o) = 3*o**3 - 20*o**2 - 4016*o - 11821. Give k(-3).
-34
Let g(a) = -36*a**2 - 5791*a - 550. What is g(-161)?
-1355
Let f(w) = 79*w**2 - 6748*w + 2803. Give f(85).
-2
Let i(s) = 5989*s - 125771. Give i(21).
-2
Let v(y) = 20*y**2 + 1029*y + 1371. What is v(-50)?
-79
Let p(n) = -5*n**3 - 630*n**2 + 311*n + 39179. Give p(-126).
-7
Let s(c) = 6*c**2 + 753*c - 977. Calculate s(-127).
166
Let n(s) = -24435*s - 2834464. Give n(-116).
-4
Let c(w) = -105*w**3 - 4*w**2 + 29*w - 43. Calculate c(2).
-841
Let y(b) = 5*b**2 + 2205*b + 117490. Give y(-62).
0
Let s(t) = -276*t + 3850. Calculate s(8).
1642
Let x(r) = 291*r**2 + 894*r + 20. What is x(-3)?
-43
Let u(c) = 850*c - 14368. What is u(15)?
-1618
Let b(k) = 2*k**3 + 443*k**2 - 226*k - 874. Give b(-222).
14
Let w(k) = -47*k**2 + 15*k + 540. Calculate w(-5).
-710
Let m(z) = 2340*z - 84382. Calculate m(36).
-142
Let u(g) = -332*g**2 + 50484*g - 3070. What is u(152)?
-30
Let m(v) = -27461*v + 109855. Determine m(4).
11
Let j(l) = 204*l**2 + 9499*l + 9501. Determine j(-1).
206
Let y(g) = -15*g**2 + 88*g - 67. What is y(11)?
-914
Let p(k) = 87135*k + 174281. What is p(-2)?
11
Let l(t) = 1017*t + 9580. Give l(-9).
427
Let v(t) = -148*t**2 + 166*t + 201. Determine v(-2).
-723
Let g(x) = -x**3 - 439*x**2 + 2293*x + 32420. What is g(-444)?
8
Let s(w) = -w**3 + 20*w**2 - 12*w - 2. Determine s(14).
1006
Let p(n) = -2*n**3 + 129*n**2 + 194*n - 16448. Determine p(64).
64
Let d(h) = -274*h - 3597. What is d(-13)?
-35
Let w(t) = 5340*t - 1703459. Give w(319).
1
Let u(x) = 419*x + 4306. What is u(-9)?
535
Let f(m) = 16*m**2 - 309*m - 265. Determine f(20).
-45
Let m(d) = -6100*d - 36545. Give m(-6).
55
Let x(g) = -208315*g + 1249887. Determine x(6).
-3
Let d(k) = -k**3 - 124*k**2 + 154*k + 3630. Determine d(-125).
5
Let n(w) = 2*w**3 + 145*w**2 - 274*w - 3909. What is n(-74)?
-61
Let j(a) = 10*a**3 - 325*a**2 + 182*a - 708. Calculat